8)/(-1040) - 1/5. Let o(t) be the third derivative of -1/60*t**5 + 0 + 1/3*t**3 - t**2 + 0*t + k*t**4. Give o(3).
2
Let g be (-4)/16 - 27/4. Let j = -12 - g. Let x(y) = 2*y + 6. Determine x(j).
-4
Let u be -1 - 6*2/(-3) - 1. Let n(s) = -7*s**3 - 3*s**2 - 6*s - 6. Let p(c) = c**3 + c**2 + c + 1. Let i(g) = n(g) + 6*p(g). Determine i(u).
4
Let r(x) be the third derivative of -5/6*x**3 - 1/60*x**5 + 0*x + x**2 - 1/4*x**4 + 0. What is r(-5)?
0
Let j(c) = c**2 - c. Let l(o) = -o + 3. Let d be l(2). Calculate j(d).
0
Let w be (-20)/(-9) + (-20)/90. Let h(n) = -3*n + 2. What is h(w)?
-4
Let z(r) = -27*r**2 + 12*r**2 + 8 - 3 + 9*r + 16*r**2. What is z(-7)?
-9
Let d(z) = -10*z**2 + 22*z - 25. Let g(i) = 3*i**2 - 7*i + 8. Let m(v) = -2*d(v) - 7*g(v). Suppose -y - u + 5 = 0, 3*y - 4 = u + 11. Determine m(y).
-6
Let l(k) = k**3 + 3*k**2 + 2*k. Let r be 17/(-34) + 10/(-4). Calculate l(r).
-6
Let g(w) be the first derivative of -3*w**2/2 - 23. Determine g(1).
-3
Let o = 1 + 2. Let p(b) = b - 1 + b**2 + o + 0. Calculate p(0).
2
Let x = -41 + 44. Let f(y) be the third derivative of 0*y + 0 - 1/6*y**x + y**2 + 1/24*y**4. Calculate f(-4).
-5
Let l(d) be the second derivative of -d**5/20 + d**4/3 + d**2 + d. Let t(z) = -2*z + 20. Let u be t(8). Determine l(u).
2
Let r(f) = -f + 8. Let q = -21 - -26. Give r(q).
3
Suppose 2*b - 4*b + 4 = 0. Let j(d) = d**2 + 3*d - 2. What is j(b)?
8
Let p = -31 + 36. Let l(a) = 2*a - 3 - 2 + 2. What is l(p)?
7
Suppose -3*z - 2 = 7. Let u = z + -1. Let y(d) = d + 4. Determine y(u).
0
Let n = 23 + -20. Let h(t) = 5*t - 3. Calculate h(n).
12
Let d = 3 + 1. Let t(k) = -k**2 + 1 - d + 4*k + 1. Suppose 3*q - 6 - 9 = 0. Give t(q).
-7
Let n(u) = -u**3 + 6*u**2 + 6*u + 9. Let q be (-175)/(-10)*(-2)/(-5). Calculate n(q).
2
Suppose 3*c = -2*j + 19, 0 = -c - 4*j + 1 + 22. Let f(h) = c*h + 0 - 3 - 3*h**2 + 4*h**2. What is f(-5)?
7
Let j(r) = 2 + 3*r**2 + 4 - 4 - 5*r**2 + r. Determine j(2).
-4
Let x(j) = 3*j + 2. Let v(z) be the third derivative of z**4/24 - 3*z**2. Let a(y) = -4*v(y) + x(y). Calculate a(5).
-3
Let k(f) be the second derivative of -f**4/12 + 7*f**3/6 - 2*f**2 - 9*f. Give k(6).
2
Let y(f) = f**3 + 7*f**2 + 2*f - 5. Suppose 0 = 5*i - 5*c + 5, -c - 21 = i + 2*c. Give y(i).
19
Let r be (1 - 3) + -2 + 0. Let t be 158/(-22) - r/22. Let s be 2/t + 60/14. Let v(m) = m**2 - 4*m + 2. Calculate v(s).
2
Let o be (-4)/(-6)*(-9)/(-2). Suppose -o*g + g = -2*h - 14, -g - 2*h + 7 = 0. Let r(f) = f + g*f - f. Calculate r(1).
7
Let c(t) = -9*t. Let u(v) = v**2 + v - 1. Let d(z) = c(z) + u(z). What is d(7)?
-8
Suppose -z - 1 = 4*p, -4*z - 4 = -3*p + p. Let d(r) = -r - 6. Let m be d(-8). Let n(q) = -1 - 2*q**2 + 0 - 6*q**3 + 0*q - q**3 - m*q. What is n(z)?
6
Let m(k) = -3*k + 4. Let u = 8 - 5. Suppose -q - u*q = 100. Let d be (-2)/1 - q/5. Determine m(d).
-5
Let g(c) = -2*c + 3. Let u(y) = y + 2. Suppose 0 = 3*o + 2*f - 10, o - 6*o + 3*f = -4. Let m be u(o). Calculate g(m).
-5
Suppose 2*g + 3 = 9. Let b(q) = 2*q**3 - 3*q**2 + q + 1. Let t(m) = m**3 - m**2 + m. Let i(a) = g*t(a) - b(a). What is i(1)?
2
Let u(d) = -2*d + 10. Let f be u(5). Let g(x) = 0*x + f*x - 2 + 1 + 3*x. Calculate g(-3).
-10
Let v(y) be the third derivative of -y**4/3 + 8*y**2. Calculate v(1).
-8
Let x(p) = -p + 5. Suppose -2*t = 2*t - 8. Suppose -4*r - 3 = -u, 2*r + t*u + 3 = 9. What is x(r)?
5
Let b(g) be the first derivative of 2*g**3/3 - 3*g**2 + 2*g - 43. Determine b(4).
10
Let d(x) = -2 - 28*x + 29*x + 1. Give d(2).
1
Let g(n) = 8 + 5 - n - 9. What is g(5)?
-1
Let t(u) = -u**3 - u**2 + 5*u + 1. Let p(f) = f. Let g(b) = -4*p(b) + t(b). Determine g(-2).
3
Let h(w) = -w - 4. Let s(d) = -d**2 - 4*d + 7. Let z be s(-6). What is h(z)?
1
Let o be (14 + -1)*6/6. Let c = -9 + o. Let h(w) = -w - w + c*w**2 - 2*w**3 + 2 - 4. Calculate h(2).
-6
Let f(m) = 2*m**2 + 5*m + 1. Let z = 21 - 25. What is f(z)?
13
Suppose 4*l - 9 = 2*n + 13, 2*n = -2*l + 2. Let y(q) be the third derivative of q**5/60 - q**4/4 + q**3/2 + 2*q**2 + 143. Calculate y(l).
-5
Suppose 4*x - 14 = 6. Let f(i) = -i + 16. Let n be f(14). Let q(c) = -3*c**3 - 5*c**2 + 3*c**2 + 5 + 4*c**3 + 3*c - 4*c**n. Give q(x).
-5
Let y(z) = -4*z - 7. Let r be y(-3). Let h(p) = -p - 1. Give h(r).
-6
Let b(x) be the third derivative of x**8/6720 + x**6/360 + x**4/8 + 2*x**2. Let h(c) be the second derivative of b(c). Calculate h(-2).
-12
Let d(b) = b**2 - 14*b + 21. Let v be d(12). Let p(w) = w**2 - 2*w. Determine p(v).
15
Suppose 0 = -3*z + 6 + 6. Let o(x) = -27*x + 39. Let j(k) = -7*k + 10. Let l(i) = -15*j(i) + 4*o(i). Give l(z).
-6
Let x(r) = -15*r**3 + 20*r**2 - 5*r + 13. Let i(k) = -7*k**3 + 10*k**2 - 3*k + 7. Let t(p) = 13*i(p) - 6*x(p). What is t(9)?
13
Let g(n) = -6*n**2 + 7*n**2 + n + 0*n**2. Let t(y) = y**2 - y - 2. Let c be t(0). Give g(c).
2
Let t(b) = -15*b - 15. Let s(i) = 7*i + 7. Let o(d) = 13*s(d) + 6*t(d). Determine o(-2).
-1
Let w(v) = -v**3 - 5*v**2 + 2*v + 7. Let j be w(-5). Let l(u) = u. Give l(j).
-3
Let f(y) = 4*y + 1. Let q(n) = -11*n - 3. Let h(m) = -8*f(m) - 3*q(m). Give h(6).
7
Let y(z) = -3*z**2 - 3*z + 9*z - 3 + 8*z**2 + 23*z**3. Let o(k) = 8*k**3 + 2*k**2 + 2*k - 1. Let c(r) = 11*o(r) - 4*y(r). Determine c(1).
-3
Let w(p) be the second derivative of 1/2*p**2 - 2/3*p**3 - 4*p + 0. Let r be 1 + -1 + -1 + 0. Give w(r).
5
Suppose -5*t + 20 = -2*y, 0 = -2*y - 10*t + 5*t + 20. Suppose 0 = 3*z - y*z + 12. Let b(j) = -4 - 3 + 3 - j. Determine b(z).
0
Let y(f) = 6 + 2*f**2 + 3*f**2 + 2*f**2 - f**3 - f - 2*f**2. Let g be y(5). Let i(p) = p. Give i(g).
1
Let l be (4 - 2) + 0 + -2. Let w(y) be the second derivative of -y**3/6 + y**2/2 + 11*y. Determine w(l).
1
Let n be ((-28)/(-21))/(1/(-3)). Let r(m) = -m - 3. Let a be r(n). Let y(t) = -5 + a - t + 2 + 3. Calculate y(-4).
5
Let g(o) = -o**3 + 3*o**2 + 4*o. Suppose 3*k - k = 6. Calculate g(k).
12
Suppose -3*h = n - 2*n - 7, 4*h = -3*n + 44. Let t(g) = 2*g - 10. Give t(n).
6
Let c(q) be the second derivative of q**4/6 - q**3/2 - q**2 + 21*q. Calculate c(3).
7
Let j(r) = -r - 11. Let t be j(-14). Let v(g) = -g**2 + 2*g + 1. Give v(t).
-2
Let l(i) be the first derivative of -i**2/2 - 4. Calculate l(1).
-1
Let y(m) = 2*m**2 - m. Let o(z) = -z**2 - z - 1. Let j(b) = -3*o(b) - 2*y(b). Give j(4).
7
Let x(l) = 10*l - 1. Let r = 0 - -1. Determine x(r).
9
Let b be 50/(-4) - 5/(-10). Let a = b - -16. Let q(j) = j**3 - 4*j**2 + 4*j - 5. What is q(a)?
11
Let k(i) = -i**3 - i**2 + i + 10. Let d be k(0). Let b(v) = 4*v + 11*v - d*v - v**2. What is b(6)?
-6
Let i(h) = -4*h. Let r be i(-1). Let t(j) = -j + 1 - r - 2*j. Let g be (-1 + 2)*-2 + -1. What is t(g)?
6
Let k(x) = -x**3 - 6*x**2 - 5*x + 3. Suppose 2*q - 3*q = 5. Calculate k(q).
3
Let g(t) = t**2. Let l(d) = 2*d**2. Let z(i) = 5*g(i) - 3*l(i). Calculate z(2).
-4
Let x be (-2)/10 - 33/(-15). Let w(m) be the first derivative of 1/3*m**3 + m - 2*m**x - 2. Calculate w(2).
-3
Let t(d) = -d**2 - d + 5. Suppose -5*y = -3*n - 8, -y - y = 3*n + 1. Suppose -9 = 5*a + y. Let i be ((-4)/2 - a)/3. What is t(i)?
5
Let s be (6/(-2))/(7/(-14)). Let d = s - 12. Let b(r) = r**3 + 5*r**2 - 6*r. Give b(d).
0
Let b(r) = 4*r**2 + r. Let m be b(1). Suppose m*a = -l - 23, 4*a - a + l = -15. Let u(y) = -y**3 - 5*y**2 - 2*y + 3. Determine u(a).
-5
Suppose -5*s + 13 = -b - 2*s, -3 = -4*b + s. Let v(c) = 1 - 4 + 2. Let w(p) = -p + 7. Let y(o) = 6*v(o) + w(o). Calculate y(b).
-1
Let h(v) = -v - 1. Let k(q) = -1. Let b(s) = -3*h(s) + 2*k(s). Calculate b(1).
4
Let m(u) = 6*u**3 - u**2. Let h be (-1)/(-3 - 2 - -4). Give m(h).
5
Let p(u) = -u**2 - 2*u + 3. Let k(h) = h + 7. Let d be k(6). Let i = 9 - d. Calculate p(i).
-5
Suppose -4*m = -3*i - 20, 4*m + 2*i - 4 = i. Let q = -11 - -15. Let y(s) = -6*s**2 - s + q*s + 3*s**2. What is y(m)?
-6
Let x(l) = l**2 - l + 7*l**3 + 1 + 9*l**3 - 6*l**3. What is x(1)?
11
Let d(j) = -j + 1. Suppose -3*p + 17 = -2*r, 0 = -4*r - 4. Let b be d(p). Let s be (-8)/(-2) + -2 + b. Let m(y) = 2*y**2 + y + 1. Determine m(s).
7
Let k(t) = t + 1. Let j be k(-7). Let a = -7 - j. Let q(y) = -11*y**2 - y - 1. Calculate q(a).
-11
Let f(p) = -p. Let u(y) = -11*y + 1. Let v(j) = 2*f(j) - u(j). Let s(x) = -7*x**3 - 3*x**2 - 3*x - 1. Let n be s(-1). Let w be (n - 1) + 8/(-2). Calculate v(w).
8
Let r(s) = -s**3 - 4*s**2 - 4*s + 1. Let m be 